-210)/49. Calculate the greatest common factor of 6 and m.
2
Let l(z) = -z + 10. Let f be l(8). Suppose 0 = v - 5 - f. Calculate the highest common divisor of v and 7.
7
Let w(h) be the first derivative of h**3/3 + 2*h**2 + 1. Let d be w(5). Calculate the greatest common divisor of 18 and d.
9
Let s = -22 - -34. What is the highest common divisor of 6 and s?
6
Let q(t) = 2*t - 28. Let w be q(19). Let f = 1 + 4. Suppose f*d - 1 = 5*m + 14, -2*d + w = -m. Calculate the highest common factor of 28 and d.
7
Let g = -2 + 5. Let w be 25/g - 5/15. What is the highest common factor of w and 56?
8
Let r be (13 - -2) + (-2)/2. Suppose -69 = -3*o + 15. Suppose -3 = 3*i - 5*a - 24, -4*i + o = 3*a. What is the highest common divisor of r and i?
7
Let c(n) be the first derivative of -n**4/4 - n**2/2 + 6*n - 4. Let p be c(0). What is the highest common divisor of 6 and p?
6
Let g be (-226)/6 - 4/(-6). Suppose -4*j - 2*o + 12 = 2*o, o = 4*j - 12. Let b be 3 + 0/j - g. Calculate the greatest common divisor of 10 and b.
10
Let u(f) = 6*f**2. Let x be u(-1). What is the greatest common factor of x and 2?
2
Let d = -18 + 43. What is the highest common factor of d and 10?
5
Let k = 12 - 4. What is the greatest common divisor of k and 8?
8
Let r(z) = -z**2 + 11*z - 4. Suppose -5*p = -t + 29, 2*p - 12 = 5*p. Let b = t + -2. Let k be r(b). What is the highest common factor of k and 72?
24
Suppose -4*o - 2*r = -108, -o - r + 8 = -19. Suppose 7 = n - 3*i, o = 3*n - 4*i + i. Let z = 6 + -2. What is the highest common factor of n and z?
2
Suppose -z + 3*r + 2*r = -103, -4*z = -2*r - 322. What is the greatest common factor of 13 and z?
13
Suppose -r - 1 = -10. What is the highest common divisor of 3 and r?
3
Suppose -4*p = -g - 6, g + 2*g - 8 = -p. Suppose -38 = -g*v + 2*b, v + 2*b = -2*b + 14. Let c = 52 - -110. What is the highest common divisor of c and v?
18
Suppose -3*a + 207 = 3*c, -159 + 30 = -2*c - 5*a. Calculate the highest common divisor of 9 and c.
9
Suppose -s - 1 = 0, -5*j - s = 3*s - 76. Calculate the greatest common divisor of j and 32.
16
Let q be 3173/(-3) + 5/(-15). Let d = -734 - q. Suppose 3*n - n - d = -3*l, -9 = 3*n. Calculate the greatest common divisor of l and 22.
22
Let p(h) = -h**3 - 7*h**2 + 6*h - 6. Let l be p(-8). Let i = 0 - l. Let r be (-4)/(-10) - 156/i. What is the highest common divisor of r and 2?
2
Let x(l) = 2*l**2 + 11*l + 14. Let t be x(-6). What is the highest common factor of 8 and t?
4
Let w(h) = -h**3 + h**2 + 13. Let z = 6 - 6. Let a be w(z). Calculate the greatest common divisor of a and 91.
13
Let z be 2/5 - 66/(-10). Let o = -4 + z. Suppose -o*t + 53 = 20. What is the highest common divisor of 77 and t?
11
Suppose -3*y - 2*y = 4*u - 191, 0 = 2*y + 2. Suppose 5*o - o = 24. Suppose -8*s + o*s + 14 = 0. What is the highest common divisor of s and u?
7
Let t(k) = 75*k + 17. Let m(y) = -19*y - 4. Let b(p) = -9*m(p) - 2*t(p). Let j be b(2). What is the greatest common factor of 4 and j?
4
Suppose -y + 70 = 3*j, 2*j = 7*y - 3*y + 56. Let c = j - 10. Calculate the greatest common divisor of c and 56.
14
Let c = 4 + 4. Suppose -n = 3*m - 166, 2*m = -n - 0*n + 110. What is the greatest common factor of c and m?
8
Let p(j) = j**3 - j**2 + 2. Let r be p(0). Let t(q) = 2*q**3 + q. Let b be t(r). Suppose 65 = 2*m - 25. What is the greatest common factor of m and b?
9
Let l(o) = 7*o + 3. Let j be l(20). Calculate the greatest common divisor of 13 and j.
13
Suppose -363 = 77*n - 88*n. What is the highest common divisor of n and 44?
11
Suppose -2*c + 6*i = i - 29, -c - 2*i = 8. Let q be (3 - 0) + c/(-2). What is the highest common factor of 3 and q?
1
Let a(u) = -u**2 + 7*u + 8. Let q be a(8). Suppose -2*i - 2*i + 80 = q. What is the highest common factor of 50 and i?
10
Suppose 10*q - 8*q = 72. What is the highest common factor of 9 and q?
9
Suppose 0 = 2*k - 58 - 70. Let h(p) = 2*p**2 - 2*p - 4. Let z be h(3). Calculate the greatest common divisor of z and k.
8
Suppose n - 3*c + 212 = -3*n, 2*c = 8. Let g be 72/(-10)*n/15. Suppose -4*q = 3*d - 40, -4*d - 4*q - 56 = -7*d. What is the greatest common factor of g and d?
8
Let v = -10 + 32. Suppose -v = -z + 23. What is the greatest common factor of z and 5?
5
Let c be (8/(-6))/(8/(-324)). Calculate the greatest common divisor of 27 and c.
27
Let x(f) = f**2 + 2*f - 2. Let c be x(-5). Calculate the highest common factor of 143 and c.
13
Suppose a + 5*o - 8 = 31, -5*a = 3*o - 195. Let t = 16 + -13. Suppose -j + q = 3*j - 189, -j + t*q = -a. What is the greatest common factor of 16 and j?
16
Let b(r) = 2*r**2 + 4*r + 19. Let x be b(6). Calculate the greatest common divisor of x and 46.
23
Suppose 0 = 3*d - 2*x - 1, d - 3*d = 4*x - 6. Calculate the highest common factor of d and 2.
1
Let i = 17 - 1. Let k(g) be the first derivative of g**4/4 + 7*g**3/3 + 5*g**2/2 + 2*g + 2. Let s be k(-6). What is the highest common divisor of i and s?
8
Let v(r) = r**2 - 2. Let t be v(4). What is the greatest common factor of t and 14?
14
Suppose -3*j + 864 = j. Let z be j*(8/3)/4. Calculate the highest common factor of 16 and z.
16
Let u = -7 - -31. What is the highest common divisor of u and 216?
24
Let d = 31 + -17. Let h(k) = k**2 - 16*k + 14. Let n be h(16). Calculate the greatest common divisor of d and n.
14
Suppose 0 = -5*r - 3 - 7. Let z be 138/8 - r/(-8). Calculate the greatest common factor of z and 85.
17
Let g(h) = h**3 + 2*h**2 - h - 2. Let x be g(2). Calculate the greatest common divisor of 60 and x.
12
Let p(y) = 33*y**2 - 1. Let a be p(-1). What is the highest common divisor of 4 and a?
4
Suppose 2*k - 2*o = 68, k - 2*o - 22 - 14 = 0. Let v(j) = 2*j**2 - 7*j + 8. Let q be v(8). Calculate the highest common factor of k and q.
16
Let p be -3 + 54/3 + 3. Let n be 1/(-3) + 21/9. What is the highest common factor of n and p?
2
Let w = 11 + 8. Let f be -6*(-8 + 1) + -2. Let d = -21 + f. What is the highest common factor of w and d?
19
Let w be (-2)/1*(-5 + 2). What is the greatest common divisor of w and 30?
6
Let q(a) = 5*a + 11. Let l be q(8). Calculate the highest common factor of 17 and l.
17
Let x be (7*1)/(-5 + 4). Let b = x - -2. Let u = -2 - b. What is the greatest common divisor of 9 and u?
3
Suppose -2*y + 24 = 2*s, -4*y - 32 = -6*s + 2*s. Suppose s = -c - 4*c. Let o be (c/5)/((-2)/120). What is the greatest common factor of 12 and o?
12
Let b(p) = 3*p - 15. Let y be b(10). Calculate the highest common divisor of 60 and y.
15
Let l(z) = -z**2 - 10*z - 11. Let d be l(-8). Let u(o) = o**3 - o**2 - o. Let j be u(0). Suppose -d*n + 35 = -j*n. What is the highest common factor of n and 7?
7
Suppose -2*b - 7 = 13. Let q be (-1)/5 - 52/b. Suppose q*j = 144 - 24. Calculate the highest common divisor of j and 16.
8
Let g = -70 - -187. Let n(a) = a**2 + 18. Let v be n(0). Let u = v + -5. What is the greatest common divisor of g and u?
13
Suppose g - 23 = -5*l, 2*g + 2*g + 3*l - 24 = 0. Let v be (-26 - -2)*(-4 + g). Let a be 0/1 - 3 - -6. What is the highest common divisor of a and v?
3
Suppose -7*s = s - 256. Let k be ((-6)/8)/((-1)/56). Let r be 1 - -1 - k/(-3). What is the highest common factor of r and s?
16
Let h = -6 - -16. Calculate the highest common factor of 10 and h.
10
Let o be 6*(-4)/(-18)*-3. Let n be (-1)/o - (-33)/12. Suppose n*j - 7 = 17. Calculate the highest common factor of j and 88.
8
Let s(z) = 5*z**2 - z - 4. Let x be s(4). Calculate the greatest common factor of 9 and x.
9
Let o(z) = -z. Let h be o(-1). Let w be ((-4)/(-4))/(-1*h). Let k be (-3 - w)*(-1)/2. Calculate the highest common factor of k and 3.
1
Let w be (0 - (0 - -11))*-3. Let r be w/12 + (-1)/(-4). Let v be 2/r + 31/3. Calculate the highest common divisor of v and 121.
11
Let i be (7*10)/5 - 3. Suppose -2*s + 3 = s. What is the greatest common factor of s and i?
1
Let q(j) = j**2 - 12*j + 7. Let u be q(19). What is the highest common divisor of u and 56?
28
Let n = 1 - -1. Suppose 4*i + y = 55, n*i = 7*i - 5*y - 100. Let r be -4 + (-1 - -3) + 167. What is the highest common factor of r and i?
15
Suppose 0*n + 2*w - 52 = 4*n, 2*w + 8 = -n. Let k = 1 - n. What is the greatest common divisor of 39 and k?
13
Let x = 11 - 8. Let o be (-4)/10*1*5. Let t be (-10)/(-6) + o/3. Calculate the greatest common factor of x a